270*l + 601. Is z(-1) prime?
False
Suppose -8*k = -20*k - 648. Is (-6)/(-36) - 3177/k a composite number?
False
Let q(v) = -116*v - 7. Let b be q(5). Let c = 2251 - 3599. Let m = b - c. Is m a composite number?
False
Suppose -4*q - 30180 = 11*q. Let j = 3273 + q. Is j a prime number?
False
Suppose 13*x = -4*v + 9*x + 4624904, 2*v = -5*x + 2312428. Is v a prime number?
False
Let x(g) = -g**2 + 13*g + 10903. Suppose -r + 4*u = 0, -9*r + 5*u = -4*r. Is x(r) a composite number?
False
Let w(a) = 138*a - 1259. Is w(47) a composite number?
False
Suppose -6*f + 10*f + 44 = 2*m, 4*f = -5*m + 82. Suppose 0 = -m*p + 12559 + 56399. Is p composite?
True
Let q(z) = -z**3 - 6*z**2 - 2*z + 7. Let m be q(-3). Is (-1 - 23793)/(12 + m) a prime number?
True
Let n = 40 + -30. Let b be 4/n - (-4)/(-10). Suppose -4*r - 747 = -2*w - 9*r, b = -r - 3. Is w a composite number?
True
Let x(v) = -v**2 + 3*v + 35. Let n be x(-6). Let q(d) = -84*d - 97. Is q(n) composite?
False
Let w(q) = 453*q + 136. Let m be 209/(-66)*-6 + 0 + 0. Is w(m) composite?
True
Suppose -868*p + 859*p = 0. Suppose m + 3*w - 19142 = 0, -m + 10*w - 15*w + 19144 = p. Is m a prime number?
True
Suppose 3*c - j = 150574 - 51733, c - 3*j - 32947 = 0. Is c prime?
False
Suppose -10*u = -3*n - 15*u + 130299, -3*n - u + 130311 = 0. Suppose -20*d + n + 212782 = 0. Is d composite?
True
Let g(c) = 25*c**2 - 11*c + 11. Let v be g(-20). Suppose -4*o - 20 = 0, -2*q + o - v = -1604. Let j = -1795 - q. Is j composite?
False
Let l be 2/10*-1*(-9 - 1). Suppose a - 4*p + 6522 = 0, l*a + p + 5091 = -7980. Let b = 10925 + a. Is b a prime number?
True
Suppose 0 = -2*t, 0 = 120*s - 122*s - 6*t + 3*t + 1002. Is s a composite number?
True
Let d(r) = -r**3 + 17*r**2 - 17*r + 21. Let b be d(-14). Suppose 5*q + 3*g - 3028 - 3339 = 0, -5*g - b = -5*q. Is q composite?
True
Let f = 28 + -13. Suppose y + 4*k - 1021 = 0, -13*y - 3*k = -f*y + 2009. Is y prime?
True
Let h be (7 - 16/2) + (-34)/(-2). Suppose 0 = -h*v - 215911 - 167033. Is v/(-14) + (-12)/21 prime?
True
Let q(n) = -4*n**3 + 172*n**2 + 78*n - 361. Is q(-51) prime?
False
Let n(k) = k**3 + 9*k**2 + k + 8. Let g be n(-9). Let f(c) = -7058*c**3 + 3*c**2 + c - 3. Is f(g) a prime number?
True
Let v = 7697 - -4326. Is v composite?
True
Suppose 4*q - 8*q = 2*a + 156, -5*a + 78 = -2*q. Is ((-26)/q)/((-4)/(-1758)) a composite number?
False
Suppose -82*h = -55*h - 21907773. Is h a composite number?
True
Let x be -2*(-3 + 0 + 2). Suppose 0 = -x*k - 3*p + 23, 5*k - p = p + 10. Is (317/2*-1)/((-2)/k) composite?
False
Suppose 0 = 465*u - 458*u. Suppose 0 = -u*i - 3*i + 2*g + 12099, 3*i = -4*g + 12099. Is i a composite number?
True
Let k be (1 - -450)/((-7)/(-63)). Let v = k - 2518. Suppose v + 7229 = 10*b. Is b prime?
True
Let d(j) = -3*j**3 - 41*j**2 + 53*j - 49. Is d(-40) a prime number?
True
Let v = 405649 - -275028. Is v prime?
False
Suppose -w - 2538 = 2*w. Let n = w - -1313. Suppose 4*f + n = 5*f. Is f a composite number?
False
Let u(x) = x**2 - 5*x + 15. Let z be u(0). Is 38035/z*(35/5 + -4) composite?
False
Let v(a) = 44*a**2 - 7*a - 14. Let t be v(-4). Let k be t/12 - (-3)/36*2. Is 2 - 2 - 1 - -2*k a composite number?
True
Let c(p) = 4372*p + 72. Let u be c(-14). Is 2/(-8)*u/4 prime?
True
Let h(a) = -a**2 - a + 10. Let i be h(-3). Let s be (i + 0)/(5 - (-9)/(-3)). Suppose s*o + 138 - 400 = 0. Is o composite?
False
Suppose 33*y + 11*y = 60630724. Is y a composite number?
True
Let s(b) = b**2 - 2*b + 13. Let l be s(0). Suppose -7*a - 46902 = -l*a. Is a composite?
False
Suppose -4*u + 3*l = 7, -2*u - 2*u = 3*l - 23. Let s be 2 + (-5 - -4) + 1 + u. Suppose 5*w - 1020 = 5*r, 2*r = -s*w + r + 811. Is w a prime number?
False
Let o = 107 - 107. Let l(t) = t**2 + 3*t - 1556. Let n be l(0). Is (27/(-12) + 2)*(o + n) a composite number?
False
Let g(t) = -t**3 + 48*t**2 - 54*t + 113. Let n be g(35). Suppose 13848 = 12*m - n. Is m a prime number?
True
Let s = -155241 + 330452. Is s prime?
True
Let p = -69532 + 243843. Is p a prime number?
True
Let o = 52 + -58. Let i be 562390/o - (-3 - (-20)/6). Is i/(-32) - (-5)/(-40) composite?
True
Let x = -596 + 2014. Let d be (-3)/(-3*(-4)/(-16)). Suppose 0 = -d*v + x + 530. Is v prime?
True
Let p = 22992 + 10111. Is p prime?
False
Suppose -3*i = v - 149096, -4*v + 116*i = 120*i - 596392. Is v composite?
False
Let g = 563 + -571. Is 13214/g*(7 - 11) composite?
False
Let s(t) = 19*t**2 - 37*t + 182. Let m be s(-43). Suppose -4375 - m = -7*w. Is w a composite number?
False
Suppose -86*f + 76*f = 0. Is (-469203)/(-63)*(3 - f) prime?
True
Suppose 29*p + 64128 = -215055. Let a = -1798 - p. Is a composite?
False
Let j(w) = -3*w**3 - w**2 - 2*w - 5. Let v be j(-3). Let i = v + -85. Is i/(-54) - 17301/(-27) composite?
False
Let a(c) be the first derivative of 80*c**2 + 25*c - 41*c**2 - 21 + 16*c. Is a(9) a prime number?
True
Let o(q) = -q**2 + 6*q + 19. Let x be o(9). Let v(p) = p**3 + 7*p**2 - 9*p - 15. Let i be v(x). Is (-3)/(i/((-5992)/(-12))) prime?
False
Let w = -13038 - -26039. Is w a prime number?
True
Suppose -8*m - 18853 = -58317. Suppose -m = -3*n + 4*l, -5*n + 3*l - 6619 = -9*n. Is n a composite number?
True
Suppose 2*n - 1738 = -4*u, -1 = 2*u + 5. Let g = n + 2864. Is g composite?
False
Let w(g) = -3*g + 4*g + 4 + 17 + 2*g. Let b be w(-9). Is 1/1 + (b - -72) a composite number?
False
Suppose -10*m + 32 = -8*m. Suppose 0 = -11*i + m*i - 55. Suppose -z + i*z = 4190. Is z a prime number?
True
Let n(y) = -y**3 + 39*y**2 + 78*y - 1565. Let o be n(40). Let w = -20 + 94. Let m = w - o. Is m prime?
False
Let d(h) = 3*h**3 + 9655. Suppose 5*p - 9*p = 5*x + 8, 0 = -4*x - 4*p - 8. Is d(x) a composite number?
True
Suppose 0 = 2*a - 2*t - 2041488, 5*t + 632642 = a - 388106. Is a a composite number?
False
Let t = 35916 + -52518. Let w = 30875 + t. Is w a composite number?
True
Let p = 529093 - 308114. Is p composite?
True
Suppose 255884 - 3251756 - 249271 = -209*x. Is x a prime number?
True
Let t(s) = 19*s**2 - 11*s + 2. Let k(y) = 9*y**2 - 5*y + 1. Let g(r) = 5*k(r) - 2*t(r). Let n be g(-3). Suppose 140 + n = p. Is p a composite number?
True
Let c(z) = -z**3 - 5*z**2 + 4*z - 153. Is c(-17) prime?
False
Let f = -330 - -342. Suppose -18353 = -2*m + 3*s, -15*s + f*s + 27552 = 3*m. Is m prime?
True
Suppose 452 = 2*u - 5*b - 2029, 0 = 4*b - 20. Suppose 12256 = 6*z + 10*z. Let m = u - z. Is m composite?
False
Let j = -2003 - -819. Suppose 531 + 575 = -2*l. Let a = l - j. Is a composite?
False
Let x(w) = -17*w**2 - 6*w - 3. Let c(s) = -11*s**2 - 4*s - 2. Let k(p) = 7*c(p) - 5*x(p). Let l(d) = d. Let r(a) = k(a) - 6*l(a). Is r(-4) composite?
True
Let p(f) = 783*f**2 - 905*f + 27. Is p(17) prime?
True
Let t be 3 + 8 + (-27)/3. Is 1847170/39 - t/6 a prime number?
True
Let y = 3591 + -3340. Is y prime?
True
Let n(m) be the first derivative of -m**2 + 171*m - 8. Let w be n(0). Let f = 310 - w. Is f composite?
False
Suppose 17*u - 2282 - 3515 = 0. Let r = 499 - u. Is r prime?
False
Suppose -89*o = -98*o + 18. Suppose -o*x = 52*x - 447066. Is x a composite number?
True
Suppose 41*p - 50*p + 405 = 0. Is 3 + (-357544)/(-36) - (-10)/p prime?
False
Let n be -2100 + 15/6*-2. Let x = 212 - n. Is x prime?
False
Let a(t) = 5539*t - 394. Is a(3) a prime number?
True
Let g(p) be the first derivative of -p**4/4 + 28*p**3/3 + 7*p**2/2 - 15*p - 168. Is g(22) composite?
True
Suppose -4*g - n + 122 = 0, 3*g - 5*g + 5*n = -50. Let z be 80*(g/(-4) - -2). Is -1*z/4*2/4 prime?
False
Let u(w) be the second derivative of 11*w**5/20 - w**4/4 - w**3/3 - w**2/2 + w. Let y be 15*1*(-13 - (-924)/70). Is u(y) a prime number?
True
Let p(f) = f**3 + 49*f**2 - 29*f - 144. Is p(-43) prime?
True
Let n = 10 - -6. Suppose 4*b = n, 10 = 2*l + b + 3*b. Is (l - (1 + -877)) + -4 a prime number?
False
Is (-290990)/(-8) + (-13)/(104/6) a prime number?
True
Suppose 16*y + 4922999 = 13431687. Is y a prime number?
True
Let f(h) = -159*h + 128. Let s(a) = 2*a**2 + 68*a - 34. Let t be s(-34). Is f(t) a prime number?
False
Let l be (-200)/(-6) + (-44)/33. Suppose 1079 = -l*j + 33*j. Is j composite?
True
Let v = 4123 - 5214. Let m(q) = -154*q + 2. Let z be m(-6). Let g = z - v. Is g a prime number?
True
Is -168306*(2/(-5))/(((-36)/15)/(-1)) a composite number?
False
Suppose 5*g = 0, 3*a - 2*g = -20 - 220. Let d = 2